45334?
2, 19, 41, 43, 48611
What are the prime factors of 13340672?
2, 3257
What are the prime factors of 48211741?
48211741
List the prime factors of 2862791948.
2, 715697987
What are the prime factors of 4013241332?
2, 19, 2779253
List the prime factors of 408006598.
2, 223, 914813
List the prime factors of 202463746.
2, 157, 644789
List the prime factors of 458452270.
2, 5, 45845227
What are the prime factors of 129811900?
2, 5, 1298119
What are the prime factors of 3875668438?
2, 1283, 1510393
What are the prime factors of 98831335?
5, 19766267
What are the prime factors of 287595721?
7, 1061, 38723
What are the prime factors of 59643038?
2, 7, 13, 17, 37, 521
What are the prime factors of 172526450?
2, 5, 23, 71, 2113
What are the prime factors of 138576357?
3, 23, 669451
What are the prime factors of 4153237650?
2, 3, 5, 23, 401279
What are the prime factors of 7228409052?
2, 3, 5351, 112571
What are the prime factors of 5318876209?
5318876209
List the prime factors of 53741813.
53741813
What are the prime factors of 328003264?
2, 5125051
What are the prime factors of 204757576?
2, 25594697
List the prime factors of 1290743375.
5, 47, 83, 2647
What are the prime factors of 16841901?
3, 5613967
What are the prime factors of 134821071?
3, 7, 11, 64849
List the prime factors of 1636614540.
2, 3, 5, 11, 163, 461
List the prime factors of 1250227020.
2, 3, 5, 7, 2976731
What are the prime factors of 377653420?
2, 5, 18882671
What are the prime factors of 140884778?
2, 70442389
List the prime factors of 190604187.
3, 17, 1245779
List the prime factors of 73290508.
2, 59, 310553
What are the prime factors of 6305843028?
2, 3, 5417, 97007
List the prime factors of 3765524483.
7, 281, 509, 3761
What are the prime factors of 273554719?
273554719
What are the prime factors of 8181357997?
29, 41, 6880873
List the prime factors of 514619792.
2, 229, 140453
What are the prime factors of 220637106?
2, 3, 31, 395407
List the prime factors of 3904381457.
3904381457
What are the prime factors of 110821727?
110821727
What are the prime factors of 397983950?
2, 5, 7, 13, 23, 3803
List the prime factors of 2840490381.
3, 946830127
List the prime factors of 2301315966.
2, 3, 127850887
List the prime factors of 47086927.
4657, 10111
List the prime factors of 1422814158.
2, 3, 7717, 10243
List the prime factors of 2361470475.
3, 5, 7, 13, 49429
List the prime factors of 443164083.
3, 179, 825259
What are the prime factors of 350241707?
887, 394861
List the prime factors of 2353879633.
7, 2543, 132233
What are the prime factors of 295026943?
47, 6277169
List the prime factors of 363217462.
2, 83, 1109, 1973
What are the prime factors of 213311633?
97, 479, 4591
What are the prime factors of 295556623?
295556623
What are the prime factors of 72638288?
2, 79, 57467
What are the prime factors of 570713130?
2, 3, 5, 13, 487789
List the prime factors of 62895120.
2, 3, 5, 503, 521
List the prime factors of 514243672.
2, 521, 123379
List the prime factors of 875793153.
3, 857, 340643
What are the prime factors of 4305643?
59, 72977
List the prime factors of 1991873310.
2, 3, 5, 7, 9485111
List the prime factors of 975066515.
5, 195013303
What are the prime factors of 37833376?
2, 7, 168899
List the prime factors of 770707256.
2, 11, 2309, 3793
List the prime factors of 181938388.
2, 45484597
What are the prime factors of 388530766?
2, 13, 23, 649717
List the prime factors of 1843776260.
2, 5, 79, 1166947
What are the prime factors of 1303488145?
5, 293, 863, 1031
List the prime factors of 2080914191.
2399, 867409
List the prime factors of 4231457882.
2, 61, 79, 127, 3457
List the prime factors of 5999143746.
2, 3, 31, 281, 114781
What are the prime factors of 1011108144?
2, 3, 21064753
What are the prime factors of 91408659?
3, 30469553
List the prime factors of 423022944.
2, 3, 269, 16381
What are the prime factors of 4397715895?
5, 257, 359, 9533
List the prime factors of 32600574.
2, 3, 83, 21821
What are the prime factors of 52256482?
2, 223, 117167
List the prime factors of 1960674509.
1960674509
What are the prime factors of 87505306?
2, 7, 877, 7127
List the prime factors of 11721658.
2, 13, 31, 14543
What are the prime factors of 51749986?
2, 25874993
List the prime factors of 1297562459.
19, 68292761
List the prime factors of 253783370.
2, 5, 37, 271, 2531
What are the prime factors of 1009677336?
2, 3, 2381, 17669
List the prime factors of 909742046.
2, 17, 23, 1163353
List the prime factors of 749690064.
2, 3, 271, 19211
List the prime factors of 3600635681.
3600635681
List the prime factors of 1580046.
2, 3, 13, 47, 431
What are the prime factors of 1409600?
2, 5, 881
What are the prime factors of 10038503?
601, 16703
List the prime factors of 398648525.
5, 11, 139, 10429
What are the prime factors of 2039152166?
2, 1019576083
List the prime factors of 1113046945.
5, 499, 446111
What are the prime factors of 590741092?
2, 17, 8687369
List the prime factors of 3747436078.
2, 1873718039
What are the prime factors of 503330531?
11, 45757321
What are the prime factors of 228266426?
2, 114133213
List the prime factors of 4354130599.
7, 13, 47847589
What are the prime factors of 215485295?
5, 3821, 11279
What are the prime factors of 945731780?
2, 5, 7, 6755227
What are the prime factors of 662493903?
3, 220831301
What are the prime factors of 290740471?
7, 41, 144719
List the prime factors of 6523811.
7, 29, 4591
List the prime factors of 51095018.
2, 13, 1965193
What are the prime factors of 38767033?
38767033
What are the prime factors of 186396648?
2, 3, 7766527
What are the prime factors of 1580401026?
2, 3, 87800057
What are the prime factors of 31076158?
2, 15538079
List the prime factors of 222938091.
3, 24770899
What are the prime factors of 63148695?
3, 5, 4209913
What are the prime factors of 249378592?
2, 7793081
What are the prime factors of 1578417224?
2, 17, 11606009
What are the prime factors of 55086466?
2, 2543, 10831
What are the prime factors of 64514725?
5, 11, 234599
List the prime factors of 3657571364.
2, 19, 48125939
What are the prime factors of 560363334?
2, 3, 1877, 49757
What are the prime factors of 123371547?
3, 13, 3163373
List the prime factors of 43717302.
2, 3, 17, 142867
List the prime factors of 74924872.
2, 11, 851419
List the prime factors of 1388593506.
2, 3, 197, 1174783
What are the prime factors of 5705328569?
19, 127, 2364413
List the prime factors of 6980709339.
3, 691, 1122481
What are the prime factors of 4766041391?
4766041391
What are the prime factors of 140742077?
7, 31, 131, 4951
List the prime factors of 439434959.
439434959
What are the prime factors of 2205883590?
2, 3, 5, 853, 86201
List the prime factors of 1129878185.
5, 1783, 126739
What are the prime factors of 105453833?
2647, 39839
What are the prime factors of 11603493?
3, 11, 1447
List the prime factors of 36939528.
2, 3, 139, 3691
List the prime factors of 219887918.
2, 29, 241, 15731
What are the prime factors of 26356880?
2, 5, 11, 61, 491
What are the prime factors of 44803765?
5, 8960753
What are the prime factors of 463295224?
2, 7, 8273129
List the prime factors of 106105724.
2, 26526431
What are the prime factors of 3511627271?
97, 36202343
What are the prime factors of 449532594?
2, 3, 7, 79, 45161
What are the prime factors of 9842843?
257, 38299
List the prime factors of 27270842.
2, 2789, 4889
List the prime factors of 13524830.
2, 5, 11, 122953
What are the prime factors of 53923385?
5, 23, 468899
What are the prime factors of 1052713429?
1052713429
What are the prime factors of 9166220?
2, 5, 7, 233, 281
What are the prime factors of 1408514497?
13, 467, 232007
What are the prime factors of 254361147?
3, 84787049
List the prime factors of 384935015.
5, 23, 3347261
List the prime factors of 1000918769.
109, 9182741
What are the prime factors of 2634157912?
2, 329269739
List the prime factors of 1769177300.
2, 5, 11, 146213
What are the prime factors of 1690822507?
11, 153711137
List the prime factors of 432735930.
2, 3, 5, 11, 79, 503
List the prime factors of 19273921.
19273921
What are the prime factors of 395735620?
2, 5, 7, 2826683
List the prime factors of 314267181.
3, 31, 61, 1787
What are the prime factors of 2808521630?
2,